he greatest common factor of 1330012 and 68.
68
Calculate the greatest common divisor of 41580 and 11205.
135
Calculate the greatest common divisor of 1904786 and 7137.
793
What is the greatest common divisor of 1206 and 31289?
67
What is the highest common factor of 4 and 45288?
4
What is the highest common divisor of 222 and 38073?
111
Calculate the greatest common divisor of 3933 and 2461.
23
Calculate the highest common divisor of 53544 and 5432.
776
Calculate the highest common divisor of 380 and 78940.
20
Calculate the highest common factor of 132681 and 3525.
141
Calculate the greatest common factor of 14707 and 7.
7
What is the greatest common divisor of 9595 and 15150?
505
Calculate the greatest common divisor of 10404 and 315.
9
Calculate the highest common factor of 35360 and 8.
8
What is the greatest common divisor of 27 and 15278409?
27
Calculate the highest common divisor of 174711 and 9.
3
Calculate the highest common divisor of 261233 and 1407.
469
What is the greatest common divisor of 10524 and 7572?
12
What is the highest common divisor of 5377 and 215646?
283
What is the highest common divisor of 63126 and 2672?
334
Calculate the greatest common divisor of 493 and 62747.
17
Calculate the greatest common factor of 214617 and 39.
39
Calculate the greatest common factor of 505 and 325.
5
Calculate the highest common factor of 85214 and 1866.
622
What is the highest common factor of 4844 and 388731?
1211
Calculate the greatest common divisor of 2772 and 10857.
231
Calculate the greatest common divisor of 731295 and 60.
15
What is the greatest common factor of 7252 and 43708?
196
Calculate the greatest common divisor of 5394 and 77562.
186
Calculate the highest common divisor of 376514 and 316.
158
What is the greatest common factor of 72 and 94056?
24
Calculate the greatest common factor of 583 and 1177.
11
Calculate the highest common factor of 35322 and 210.
42
Calculate the greatest common divisor of 3036 and 9372.
132
Calculate the greatest common divisor of 23908 and 1892.
172
Calculate the greatest common divisor of 2115 and 56353.
47
What is the highest common divisor of 298 and 34121?
149
What is the greatest common divisor of 15 and 310?
5
Calculate the highest common divisor of 370480 and 40.
40
What is the greatest common divisor of 13899 and 123?
123
Calculate the greatest common factor of 260 and 15132.
52
What is the highest common divisor of 82829 and 113?
113
What is the highest common divisor of 741552 and 840?
168
Calculate the greatest common factor of 1086 and 2711199.
543
What is the highest common divisor of 151848 and 148?
148
Calculate the highest common divisor of 39 and 92469.
39
Calculate the highest common factor of 19722 and 342.
114
Calculate the highest common factor of 45 and 128865.
15
What is the highest common factor of 112 and 45066?
14
What is the greatest common divisor of 274 and 1508918?
274
What is the highest common divisor of 418986 and 756?
54
What is the highest common divisor of 38 and 3118451?
19
Calculate the highest common factor of 621 and 230828.
23
What is the highest common factor of 27 and 18387756?
27
What is the greatest common divisor of 310908 and 468?
156
Calculate the greatest common divisor of 1 and 3123.
1
What is the greatest common divisor of 143398 and 8?
2
Calculate the highest common factor of 159049 and 418.
209
What is the highest common divisor of 4743 and 1071?
153
Calculate the highest common divisor of 1152 and 32112.
144
Calculate the greatest common factor of 8982 and 288.
18
Calculate the greatest common divisor of 29 and 124.
1
What is the highest common divisor of 3302 and 180340?
254
Calculate the highest common divisor of 55130 and 1110.
370
Calculate the greatest common divisor of 15417 and 3997.
571
Calculate the greatest common divisor of 1071 and 3836322.
1071
What is the greatest common factor of 57 and 4845?
57
What is the highest common factor of 114696 and 1134?
162
What is the highest common factor of 20847 and 6?
3
Calculate the greatest common divisor of 2980 and 2308010.
1490
What is the highest common factor of 4440 and 5476?
148
Calculate the highest common factor of 31 and 1975258.
31
What is the greatest common factor of 61 and 802?
1
Calculate the greatest common factor of 1443 and 14985.
111
What is the highest common divisor of 331824 and 416?
16
What is the highest common factor of 4283412 and 84?
84
What is the highest common divisor of 4067 and 2107?
49
Calculate the greatest common factor of 19484 and 20.
4
Calculate the greatest common factor of 41503 and 484.
121
What is the greatest common divisor of 2044 and 33404?
28
Calculate the highest common factor of 444 and 60.
12
Calculate the greatest common divisor of 450 and 1300.
50
Calculate the greatest common factor of 6068 and 2292187.
1517
Calculate the highest common divisor of 234 and 7496190.
234
Calculate the highest common factor of 50 and 5825.
25
What is the greatest common factor of 21 and 40355?
7
What is the highest common factor of 5562 and 18334?
206
What is the greatest common divisor of 56 and 4504?
8
Calculate the greatest common divisor of 26222 and 77.
7
What is the greatest common divisor of 68873 and 7?
7
What is the greatest common factor of 3320 and 2304?
8
Calculate the highest common factor of 2202 and 39.
3
What is the highest common factor of 2473662 and 12?
6
Calculate the highest common divisor of 6541 and 1705.
31
Calculate the greatest common factor of 2501 and 5.
1
What is the greatest common divisor of 1867382 and 154?
22
What is the highest common factor of 166 and 68143?
83
What is the highest common divisor of 2516 and 5644?
68
Calculate the greatest common factor of 1092 and 26880.
84
What is the greatest common factor of 42 and 914046?
42
What is the highest common factor of 22 and 151954?
22
Calculate the greatest common factor of 393615 and 45.
45
What is the highest common divisor of 1316 and 368?
4
What is the highest common divisor of 2384 and 25628?
596
What is the greatest common factor of 65 and 29783?
13
What is the highest common factor of 19905 and 135?
15
What is the highest common divisor of 2566294 and 15134?
2162
Calculate the greatest common divisor of 1314 and 292.
146
What is the greatest common factor of 242 and 44?
22
What is the highest common divisor of 25101 and 117?
9
Calculate the highest common divisor of 736 and 12328.
184
What is the greatest common factor of 407 and 385?
11
What is the greatest common divisor of 1904 and 45934?
238
What is the greatest common factor of 2704 and 18992?
16
What is the greatest common divisor of 365267 and 7?
7
Calculate the highest common factor of 287 and 12192908.
287
Calculate the greatest common factor of 918 and 13991.
17
What is the greatest common divisor of 36112 and 23384?
296
What is the highest common divisor of 3 and 3686?
1
Calculate the greatest common factor of 2024 and 126104.
88
Calculate the highest common divisor of 697109 and 7.
7
What is the greatest common factor of 180 and 25992?
36
Calculate the greatest common divisor of 4125 and 5610.
165
Calculate the highest common factor of 27 and 347031.
27
What is the highest common factor of 560846 and 11660?
1166
What is the highest common divisor of 4487 and 106406?
641
Calculate the highest common factor of 36 and 491532.
12
Calculate the greatest common factor of 55022 and 1586.
122
What is the highest common factor of 170 and 2875?
5
What is the highest common factor of 415373 and 2249?
173
What is the greatest common factor of 216 and 4568?
8
Calculate the highest common factor of 14580 and 156.
12
Calculate the greatest common divisor of 2232 and 19368.
72
What is the greatest common divisor of 2568857 and 583?
53
What is the highest common divisor of 59334 and 1056?
66
What is the greatest common factor of 518 and 20942?
74
Calculate the highest common divisor of 852 and 145834.
142
What is the highest common divisor of 192953 and 628?
157
Calculate the greatest common factor of 320670 and 7.
7
What is the highest common divisor of 540 and 255420?
540
Calculate the highest common divisor of 87150 and 3024.
42
What is the greatest common divisor of 666 and 17686?
74
Calculate the greatest common facto